7?
5
Calculate the remainder when 868 is divided by 109.
105
Calculate the remainder when 461 is divided by 93.
89
What is the remainder when 48 is divided by 7?
6
What is the remainder when 368 is divided by 49?
25
Calculate the remainder when 658 is divided by 55.
53
What is the remainder when 545 is divided by 161?
62
What is the remainder when 1075 is divided by 301?
172
What is the remainder when 3142 is divided by 21?
13
Calculate the remainder when 11785 is divided by 83.
82
Calculate the remainder when 276 is divided by 71.
63
Calculate the remainder when 68 is divided by 8.
4
What is the remainder when 46 is divided by 25?
21
What is the remainder when 283 is divided by 17?
11
Calculate the remainder when 388 is divided by 346.
42
What is the remainder when 247 is divided by 20?
7
What is the remainder when 8963 is divided by 166?
165
Calculate the remainder when 153 is divided by 34.
17
What is the remainder when 453 is divided by 148?
9
What is the remainder when 2737 is divided by 246?
31
What is the remainder when 304 is divided by 103?
98
Calculate the remainder when 119 is divided by 20.
19
Calculate the remainder when 275 is divided by 43.
17
What is the remainder when 193 is divided by 28?
25
What is the remainder when 315 is divided by 33?
18
What is the remainder when 3091 is divided by 34?
31
What is the remainder when 1559 is divided by 194?
7
What is the remainder when 807 is divided by 15?
12
Calculate the remainder when 29 is divided by 15.
14
Calculate the remainder when 2194 is divided by 366.
364
What is the remainder when 117 is divided by 92?
25
Calculate the remainder when 327 is divided by 87.
66
What is the remainder when 623 is divided by 8?
7
Calculate the remainder when 1044 is divided by 131.
127
What is the remainder when 16767 is divided by 130?
127
What is the remainder when 104 is divided by 15?
14
Calculate the remainder when 262 is divided by 121.
20
Calculate the remainder when 3458 is divided by 288.
2
What is the remainder when 620 is divided by 25?
20
Calculate the remainder when 1318 is divided by 5.
3
What is the remainder when 530 is divided by 426?
104
What is the remainder when 15 is divided by 2?
1
Calculate the remainder when 154 is divided by 127.
27
Calculate the remainder when 350 is divided by 99.
53
Calculate the remainder when 64 is divided by 5.
4
Calculate the remainder when 12220 is divided by 55.
10
What is the remainder when 3749 is divided by 134?
131
Calculate the remainder when 94 is divided by 28.
10
Calculate the remainder when 2876 is divided by 192.
188
What is the remainder when 352 is divided by 12?
4
What is the remainder when 3541 is divided by 8?
5
What is the remainder when 320 is divided by 91?
47
Calculate the remainder when 1238 is divided by 181.
152
What is the remainder when 494 is divided by 9?
8
Calculate the remainder when 289 is divided by 152.
137
What is the remainder when 343 is divided by 42?
7
What is the remainder when 789 is divided by 9?
6
Calculate the remainder when 1539 is divided by 212.
55
What is the remainder when 7 is divided by 2?
1
Calculate the remainder when 85 is divided by 24.
13
Calculate the remainder when 483 is divided by 6.
3
Calculate the remainder when 335 is divided by 219.
116
What is the remainder when 22 is divided by 1?
0
Calculate the remainder when 603 is divided by 200.
3
What is the remainder when 417 is divided by 30?
27
What is the remainder when 102 is divided by 26?
24
Calculate the remainder when 864 is divided by 167.
29
What is the remainder when 3963 is divided by 16?
11
What is the remainder when 24800 is divided by 13?
9
What is the remainder when 238 is divided by 48?
46
Calculate the remainder when 135 is divided by 61.
13
What is the remainder when 98 is divided by 50?
48
What is the remainder when 1594 is divided by 28?
26
Calculate the remainder when 828 is divided by 104.
100
Calculate the remainder when 185 is divided by 79.
27
Calculate the remainder when 5681 is divided by 98.
95
Calculate the remainder when 193 is divided by 19.
3
Calculate the remainder when 94 is divided by 88.
6
Calculate the remainder when 815 is divided by 13.
9
Calculate the remainder when 278 is divided by 159.
119
What is the remainder when 1557 is divided by 58?
49
Calculate the remainder when 591 is divided by 54.
51
Calculate the remainder when 114 is divided by 27.
6
What is the remainder when 158 is divided by 67?
24
What is the remainder when 26 is divided by 19?
7
What is the remainder when 11914 is divided by 17?
14
Calculate the remainder when 245 is divided by 93.
59
What is the remainder when 248 is divided by 9?
5
What is the remainder when 9 is divided by 8?
1
Calculate the remainder when 918 is divided by 23.
21
What is the remainder when 145 is divided by 138?
7
What is the remainder when 88 is divided by 3?
1
Calculate the remainder when 110 is divided by 24.
14
Calculate the remainder when 508 is divided by 254.
0
Calculate the remainder when 254 is divided by 80.
14
Calculate the remainder when 196 is divided by 11.
9
What is the remainder when 657 is divided by 60?
57
Calculate the remainder when 208 is divided by 101.
6
Calculate the remainder when 9424 is divided by 377.
376
What is the remainder when 4843 is divided by 1610?
13
Calculate the remainder when 189 is divided by 147.
42
Calculate the remainder when 245 is divided by 41.
40
What is the remainder when 46 is divided by 34?
12
What is the remainder when 1142 is divided by 283?
10
What is the remainder when 1251 is divided by 114?
111
Calculate the remainder when 416 is divided by 101.
12
Calculate the remainder when 181 is divided by 17.
11
What is the remainder when 1771 is divided by 74?
69
Calculate the remainder when 2481 is divided by 823.
12
What is the remainder when 725 is divided by 7?
4
Calculate the remainder when 2284 is divided by 226.
24
Calculate the remainder when 675 is divided by 133.
10
What is the remainder when 63 is divided by 34?
29
What is the remainder when 124 is divided by 4?
0
Calculate the remainder when 227 is divided by 111.
5
What is the remainder when 165 is divided by 55?
0
What is the remainder when 757 is divided by 409?
348
Calculate the remainder when 17302 is divided by 13.
12
What is the remainder when 1167 is divided by 582?
3
Calculate the remainder when 123 is divided by 58.
7
Calculate the remainder when 714 is divided by 166.
50
What is the remainder when 222 is divided by 28?
26
Calculate the remainder when 286 is divided by 58.
54
What is the remainder when 8818 is divided by 17?
12
What is the remainder when 6079 is divided by 11?
7
What is the remainder when 152 is divided by 52?
48
What is the remainder when 49 is divided by 13?
10
What is the remainder when 1232 is divided by 570?
92
Calculate the remainder when 226 is divided by 60.
46
What is the remainder when 1241 is divided by 27?
26
What is the remainder when 282 is divided by 144?
138
What is the remainder when 2971 is divided by 17?
13
What is the remainder when 1839 is divided by 40?
39
What is the remainder when 1175 is divided by 98?
97
What is the remainder when 1725 is divided by 24?
21
What is the remainder when 150 is divided by 20?
10
What is the remainder when 133 is divided by 106?
27
What is the remainder when 728 is divided by 27?
26
Calculate the remainder when 615 is divided by 52.
43
Calculate the remainder when 116 is divided by 30.
26
Calculate the remainder when 49 is divided by 5.
4
What is the remainder when 303 is divided by 18?
15
Calculate the remainder when 1983 is divided by 495.
3
What is the remainder when 261 is divided by 69?
54
What is the remainder when 119 is divided by 32?
23
Calculate the remainder when 41551 is divided by 49.
48
What is the remainder when 880 is divided by 416?
48
Calculate the remainder when 439 is divided by 7.
5
What is the remainder when 4894 is divided by 144?
142
Calculate the remainder when 933 is divided by 25.
8
What is the remainder when 335 is divided by 87?
74
What is the remainder when 2119 is divided by 112?
103
Calculate the remainder when 181 is divided by 46.
43
What is the remainder when 22 is divided by 2?
0
Calculate the remainder when 1417 is divided by 469.
10
W